b(g) = -6*g**2 - 32*g - 62. Let z(k) = -b(k) - 3*y(k). What is z(-12)?
8
Let p(r) be the first derivative of -r**4/4 - 13*r**3/3 - 7*r + 198. Give p(-13).
-7
Let y(l) = -l**3 + 17*l**2 - 15*l + 15. Suppose -2*c = 3*z - 20, -48*z = -49*z - 4. Determine y(c).
31
Let c = 6 - 2. Suppose -11*k - 9 = -12*k. Let y(a) = k - 2 - a - 2. Determine y(c).
1
Let a = 11 + -15. Let d(f) = -f**3 + f**2 - 4*f + 1. Let i(s) = 3*s**3 + 3*s**2 + 14*s + 1. Let w(n) = -2*d(n) - i(n). Determine w(a).
5
Let l be 14/84*24*45/20. Let i(k) = -k**3 + 11*k**2 - 9*k + 21. Determine i(l).
102
Suppose -3*x + 5*b + 5 = x, -4*x = 4*b + 4. Let i be 9/15 - 21/(-15). Let w(g) = -g + g**3 + 3*g + x*g**i + 4 - 3 - 2*g**2. Determine w(2).
5
Let d(p) be the second derivative of -p**5/20 - 7*p**4/12 - 2*p**3 - 10*p**2 - 2*p - 18. What is d(-6)?
16
Let g(z) = 1976*z + 3155. Let w(x) = -466*x - 789. Let n(a) = -8*g(a) - 34*w(a). Calculate n(-44).
2
Let a(s) = 24 + 11 + 17 - 55*s**2 - 23*s + 53*s**2 - 36. What is a(-10)?
46
Let g(r) = 18*r + 42. Suppose -24*m + 17*m + 44 = -18*m. Determine g(m).
-30
Suppose 17*k + 28 = 4*a + 13*k, 16 = -4*k. Let b(g) = 7 + a - 3*g + 4*g + 9 - 17. Determine b(-2).
0
Let g(o) be the third derivative of 5*o**4/8 + 3*o**3/2 - o**2 - 1249. Give g(3).
54
Let p(g) = -140*g - 54. Let w(i) = 117*i + 53. Let c(b) = -5*p(b) - 6*w(b). Give c(-14).
-20
Let u(d) be the second derivative of -d**7/840 + d**6/45 + d**5/30 - d**4/2 + 79*d**3/6 + 114*d. Let o(b) be the second derivative of u(b). Calculate o(8).
20
Let m(j) be the third derivative of -j**5/60 - 5*j**4/24 - 2*j**3/3 + 26*j**2 + 3. Suppose 13*p - 11*p = -16. Let r = 5 + p. What is m(r)?
2
Let y(j) = -593*j - 1192. Let k be y(-2). Let a(q) be the first derivative of -q**3/3 - 3*q**2 - 4*q - 2. Calculate a(k).
-4
Let y(u) = -3*u + 1. Let c be (-10)/35 - 8/(-28). Suppose -12*f + 8*f + 56 = c. Let a(h) = 2*h**2 - 28*h + 2. Let q be a(f). Calculate y(q).
-5
Let h(z) = -12*z + 2*z**2 - z + 0 + 22*z + 2 - 3*z**2. What is h(6)?
20
Let g(z) = -123*z**2 - 2 + 135*z**2 - 5*z + 3*z. Let r be g(-1). Let u be 36/14 - r/21. Let n(m) = -2*m + 1. Give n(u).
-3
Let f be 3 + (-267 - (0 + -4)). Let n = f - -268. Let i(y) = -4 - 2*y + 6 + 3. Calculate i(n).
-11
Let k(j) = 4*j**2 + 57*j - 52. Let p(c) = c**2 + 15*c - 13. Let q(u) = 3*k(u) - 11*p(u). Calculate q(-6).
-13
Let k(q) be the first derivative of 5*q**2/2 + q - 61286. Suppose 2*y = w + 10, -2 = -3*y - 4*w - 9. Calculate k(y).
16
Let j = 326 - 323. Suppose -q - q + 2*h - 2 = 0, -5*q = -j*h + 13. Let x(p) = p**3 + 4*p**2 - 6*p + 1. What is x(q)?
6
Let z(d) = 5*d**3 + 34*d**2 + 9*d - 1. Let g(l) = -14*l**3 - 97*l**2 - 27*l + 2. Let y(s) = 6*g(s) + 17*z(s). Give y(6).
13
Let o(z) = 4*z - 22. Suppose 5*s = -33*j + 29*j + 14, 0 = -3*s - 5*j - 2. Determine o(s).
2
Suppose -6 = -y + 12*k - 14*k, y - 2*k - 6 = 0. Let a be 8/((-16)/(-9))*12/y. Let s(i) = -i**2 + 9*i. Calculate s(a).
0
Suppose -2*m = -19 + 27. Let k(n) = 6*n**3 - 11*n**2 + 35*n - 1. Let s(x) = 5*x**3 - 8*x**2 + 28*x. Let u(q) = -4*k(q) + 5*s(q). Calculate u(m).
4
Let l(i) = -i**3 + 16*i**2 + 17*i - 17. Let f be 195/(-117)*(-51)/5. Determine l(f).
-17
Let c = 13401 - 13388. Let f(v) = -17*v + 223. Calculate f(c).
2
Let g(z) = -8*z - 4. Suppose 5*f + 2*s + 34 = 0, 8*s - 10 = 13*s. Let m be -1*(-11 + 9)/(f/(-9)). Calculate g(m).
-28
Let s(c) be the second derivative of -c**3/2 - 19*c**2/2 - 15*c. Let u be s(-7). Let r(t) = 15*t - 16 - 18*t + 18. What is r(u)?
-4
Let z(n) = n**3 - n**2 + n. Let y(t) = -3*t**2 + 5*t - 2. Let j be (1 + (-20)/15)*3/1. Let d(u) = j*z(u) + y(u). Let k = -25 - -27. What is d(k)?
-10
Let c = -96 + 98. Suppose -10 = p - 2*i, i + 20 = -4*p - c. Let u(x) be the first derivative of x**3/3 + 5*x**2/2 + 4*x - 1. Determine u(p).
10
Let z(a) be the third derivative of -a**5/15 - 2*a**3/3 + 1001*a**2. Determine z(2).
-20
Let c(l) be the third derivative of l**5/60 - l**4/3 - 7*l**3/2 + 584*l**2. Give c(10).
-1
Let i(m) = -m**2 - 32*m - 34. Suppose -8*a + 118 + 46 = -4*n, 0 = 4*n + 4*a + 92. Determine i(n).
53
Let b(m) be the first derivative of m**2 + 27. Suppose -2*k = -2*s, 4*s = 2*k + 104 - 102. Calculate b(k).
2
Let t(u) be the second derivative of u**5/20 + 7*u**4/12 - 3*u**2/2 + 2*u. Let p be -24 + 5/35*119. What is t(p)?
-3
Let m(p) = 6*p + 2. Suppose -83*g + 102*g + 19 = -0. Calculate m(g).
-4
Let y be (-52 - -49)*4/(-6). Suppose -2*q + q = 5*o - 14, 17 = 4*o - 5*q. Let t(d) = -d + y*d + o*d - 2*d + 8. What is t(-6)?
-4
Let c be ((-3)/(-2))/(300/(-200)). Let t(p) = 4*p + 6. Calculate t(c).
2
Let b(w) = 129*w - 6842. Let v be b(53). Let a(o) = 124*o + 621. What is a(v)?
1
Suppose 0 = -39*m - 216 + 138. Let t(w) = -87*w - 170. Give t(m).
4
Let d(t) be the first derivative of t**5/20 + t**4/4 - t**3/3 + t**2/2 + 7*t + 57. Let b(x) be the first derivative of d(x). Determine b(-3).
7
Let c(y) = -y**3 + 3*y**2 + 3*y - 7. Let x = 4696 - 4693. Give c(x).
2
Let p(b) = -5*b - 352. Let t be p(-69). Let h(w) be the third derivative of w**6/120 + 2*w**5/15 + 5*w**4/12 + w**3/2 - 4*w**2. What is h(t)?
-18
Suppose 0 = 4*w + w + 5. Let o(v) = -2*v - 1 + 327*v**2 - 654*v**2 + 20*v**3 + 326*v**2. Determine o(w).
-20
Let q(g) = -10*g + 38 + g**3 - 61 - g**2 + 39 + 13*g**2. Let p be -20 + 3 + -1*(-12)/3. What is q(p)?
-23
Let x be 13*(112/(-78) - 30/(-18)). Let g(f) be the first derivative of -25 + 5/2*f**2 - 1/3*f**x + 0*f. Give g(6).
-6
Let k(w) = 8*w + 8. Let q(i) = 7*i + 8. Suppose 16 = -24*a - 104. Let v(b) = a*q(b) + 4*k(b). Let z be (4/(-1))/(3/6). Determine v(z).
16
Let v = -1 - -9. Let u(j) = -j**2 - 11*j + 44. Let t be u(-13). Suppose -t = -14*y + v*y. Let r(w) = -8*w + 3. What is r(y)?
-21
Let j(y) = y + 1. Let l(x) = x**2 - 3*x - 29. Let k(s) = s + 19. Let z be k(-12). Let i be l(z). Calculate j(i).
0
Suppose 0 = -s - 2*s + 15. Suppose -340 = -12*f + 56. Let b(h) = f*h - h**2 - 21*h - 9*h. Determine b(s).
-10
Let g(j) = -j**3 + 9*j**2 + 2*j - 6. Suppose -148*z + 157*z - 1053 = 0. Let q be 1062/z + 2/(-26). What is g(q)?
12
Suppose -27*f - 13*f = -57*f - 34. Let w(s) = -18*s - 43. Determine w(f).
-7
Let x(u) = -u**3 + 3*u**2 + 3*u. Let b be (10/(4 - (0 + 3)))/2. Suppose -15*k + 12*k + 3*h + 15 = 0, 5 = -b*h. Calculate x(k).
-4
Suppose 10 + 3 = w - 2*r, 3*w - 4 = -r. Let v(o) = 2794 + 8*o**2 - 2797 + 5*o - 14*o + o**w. What is v(-9)?
-3
Suppose -1045*d - 50 = -1050*d. Suppose -d*m - 19*m = -87. Let x(l) = -l**2 + l - 2. Calculate x(m).
-8
Let w(l) = l**3 + 4*l**2 - 8*l + 1. Let m(f) = 4*f - 1. Let o(d) = -3*m(d) - w(d). What is o(-4)?
18
Let m(n) be the third derivative of n**5/6 - n**4/24 + 6*n**2 + 7. Suppose 3*j + 14 = -2*q + 15, -j = 5*q - 9. What is m(j)?
11
Let l be (42/24)/(2/96). Let o = -82 + l. Let k(j) = j - 3. What is k(o)?
-1
Let d(y) be the third derivative of -y**6/120 - y**5/20 - y**4/12 + y**3 + 2*y**2 + 1078. Calculate d(-3).
12
Let i(c) = 336 - 110 - 113 + 3*c - 115 - 7*c. Let y(h) = -7*h + 6. Let j(s) = -3*i(s) - y(s). Let o be (2/(-4))/(1/(-2)). Calculate j(o).
19
Let t(y) = y**3 + 13*y - 2*y**3 - 6*y**2 + 2*y**2 - 7*y. Let u(n) = n**2 - 6*n - 7. Let k be u(9). Suppose 2*b + k = -2*b. Give t(b).
-5
Let s be ((-12)/8)/(15/(-40)). Suppose 0 = -s*q + 3*b + 1, b = -q + 3 + 6. Suppose -k - q*k = 0. Let y(i) = -i - 5. Calculate y(k).
-5
Suppose 1007*y - 951*y + 1400 = 0. Let v(u) = -19*u - 490. Give v(y).
-15
Suppose a - 7 = -3*f - 3, -5*a - 5*f = -30. Let s(d) = 188*d + 9 + d**3 - 97*d - 90*d - 7*d**2 - 15. Let o be s(a). Let g(b) = -11*b**3 - b**2 + b. Give g(o).
-11
Let x(j) = -j**2 + j. Let d(y) be the third derivative of -y**5/10 - y**3/2 + 46*y**2. Let i(a) = -d(a) + 5*x(a). Give i(-2).
-3
Let y = -34438 + 34433. Let n(w) = w**2 + 7*w - 6. Give n(y).
-16
Suppose -5*h - 109 = -0*s + 3*s, s = -4*h - 34. Let z = s + 37. Let d(g) be the first derivative of -8*g**3/3 - g**2/2 + 11. Calculate d(z).
-7
Suppose 0 = 2*n - u - 185, 2*n - 3*u - 11 = 184. Let z = n - 91. Let j(x) = -16*x**3 + 2*x**2 + 2*x + 1. Calculate j(z).
17
Let h(u) = -10*u**2 - 69 - u**3 - 81 - 7*u + 148 - 12*u. Give h(-4).
-22
Let w(j) = 5*j + 109. Let x be w(39). Let l be ((-2)/4)/(19/x). Let i(d) = d + 7. Calculate i(l).
-1
Let a = 51 - 48. Suppose 8*w - 33 = -a*w. Let j(i) = 1 + 4*i**2 - w*i**3 - 3*i + 2*i**3 + 0 -